d by 10.
9
Let n = 82 + -49. Let m be 10 + -9 - (1 - -1). Calculate the remainder when (-131)/m - (-10 + 13) is divided by n.
29
Let v be (-8)/(-20) - 129/(-15). Let o(s) = -4*s**2 + 44*s - 9. What is the remainder when 183 is divided by o(v)?
57
Suppose -h - 178 = 4*u - 0, h = 2. Let i = 387 + -265. Let n = i + u. What is the remainder when n is divided by 30?
17
Let c = 21867 - 18961. Calculate the remainder when 2915 is divided by c.
9
Let p = 91 + -81. Suppose -20 = -4*c, p*c = -5*i + 7*c + 255. Calculate the remainder when i is divided by 7.
6
Let d = -16022 - -16355. What is the remainder when d is divided by 58?
43
Suppose -31*c - 455 = -1881. What is the remainder when 171 is divided by c?
33
Suppose -c - 3 = m, 0 = -4*c - 3*m + 7*m - 52. Calculate the remainder when 18 + 6/(c - -5) is divided by 7.
2
Suppose -n = -n - 2*n. Suppose -f - 54 = 5*l - 4*f, 5*l + 5*f + 70 = n. What is the remainder when 62 is divided by (l/10)/(12/(-330)*1)?
29
Let g = 708 + 5. What is the remainder when g is divided by 21?
20
Let f = -265 - -683. Suppose 594 = 163*v - 2206 + 355. What is the remainder when f is divided by v?
13
Suppose -1931 = -122*z - 467. Calculate the remainder when 82 is divided by z.
10
Let n = -183 - -185. Suppose t + n - 36 = 0. Calculate the remainder when t is divided by 20.
14
Suppose -4*o = -1671*f + 1675*f + 4, -8 - 36 = 4*f. Suppose 0 = -2*k + k + 6. Calculate the remainder when 597/k + 1/(-2) is divided by o.
9
Let y = 2260 + -2142. Calculate the remainder when y is divided by 13.
1
Let d(a) = 21*a + 579. Suppose 4*n - 4*b = -b + 82, b - 2 = 0. Let m = -4 + n. What is the remainder when d(-26) is divided by m?
15
Suppose -2*m = -4*i - 456, -4*m - 2*i + 934 = i. Suppose p = -o + 61 + 55, -2*p = -2*o + m. What is the remainder when o is divided by 35?
11
Let d(r) = 3*r**2 + 18*r + 19. Let k be (-110)/14 - 4/28. Calculate the remainder when d(k) is divided by 36.
31
Let z be 104/39*(-9)/(-6). Suppose 3*i + 344 = 4*t, 7*i + 430 = 5*t + z*i. What is the remainder when t is divided by 69?
17
Let d(w) = w**2 + 60*w + 379. Calculate the remainder when 857 is divided by d(-58).
68
Let x = 921 + -851. Let l(a) = -a**3 - 8*a**2 - 7*a. Let n be l(-7). Suppose n = -6*b + b + 75. What is the remainder when x is divided by b?
10
Suppose -4542 = -95*z - 112*z + 1668. Calculate the remainder when 105 is divided by z.
15
Let j(o) = 3*o**2 - 24*o + 7. Let p be j(7). Let i(f) = -2*f**2 - 27*f + 34. Calculate the remainder when 219 is divided by i(p).
19
Let i = -1296 + 1647. Calculate the remainder when 1057 is divided by i.
4
Let j be 1115/6 - (-7)/42. Calculate the remainder when 204/(-18)*j/(-4) is divided by 23.
21
Suppose -x + 5*i + 160 = 82, 30 = 2*x - i. Let q be (-8)/(-6)*3/2. Suppose 12 = 3*g - g - 4*w, 2 = g + q*w. Calculate the remainder when x is divided by g.
0
Suppose 0 = -3*s + 1359 - 159. Suppose -3*u + s = 61. Calculate the remainder when u is divided by 19 - (-1*15)/(-15 + 66/4).
26
Let u(a) = 872 + 18*a - 842 - 2*a**2 + 4*a**2 - 3*a**2. Let b = -22 + 39. What is the remainder when u(b) is divided by 8?
7
Let h = 11296 + -10921. Calculate the remainder when h is divided by 125.
0
Let a(u) = 206*u - 1557. Calculate the remainder when a(9) is divided by 79.
60
Let f be ((-10)/(-6) - -3)/((-4)/42). Let c = -47 - f. What is the remainder when 28 is divided by c?
0
Suppose -n + 43 = 5*o - 3*o, -o - 96 = -2*n. Let y = -27900 + 27908. Calculate the remainder when n is divided by y.
7
Let h be (-4)/1 + 3 - (9 + 157). Let a = -161 - h. Calculate the remainder when 17 is divided by a.
5
Let w = 86 + -62. Suppose 4*f + w = -0*d + d, -3*f - 3 = 3*d. Suppose -8*a = -3*q - d*a + 53, -4*a = 3*q - 85. Calculate the remainder when 83 is divided by q.
14
Suppose -2*h - 54 = -4*s - 0*s, -32 = -2*s - 4*h. What is the remainder when 1636 is divided by s?
12
Let p be ((-3)/(-2))/(1/2) - 3. Let l be (10/2 - p)*(-2)/(-5). Suppose -l*a - 8 + 36 = 0. What is the remainder when 54 is divided by a?
12
Let k = 5363 + -5145. Calculate the remainder when k is divided by 105.
8
Let l(v) = 0*v + 0*v**2 - 2*v + 9*v + 5 - v**2. Let m be l(8). What is the remainder when 43 is divided by (m - -9)/((-6)/(-15))?
13
Let r = 109 + -184. Let l = 121 + r. What is the remainder when l is divided by 6?
4
Let g(r) = 29*r**2. Let u(s) be the first derivative of 112*s**3/3 + 11*s**2/2 - 9*s - 70. Calculate the remainder when u(1) is divided by g(1).
27
Let j = 25451 - 25394. Calculate the remainder when 3989 is divided by j.
56
Let t = 469 - 467. Let a(k) = 21*k + 80. What is the remainder when a(t) is divided by 62?
60
Suppose 4*h - 3*v - 27835 = 0, 5*h - 23*v - 34750 = -28*v. Calculate the remainder when h is divided by 47.
46
Let j = 3879 - 3547. What is the remainder when j is divided by 10?
2
Suppose 4*h + 5*y = 47852, -10*y = -4*h - 9*y + 47828. Calculate the remainder when h is divided by 104.
102
Suppose -5*t - 675 = 5*x, 4*x = t + 2*t + 412. Calculate the remainder when 124/155 - t/5 is divided by 13.
2
What is the remainder when 169 is divided by (-50)/(-825) - 3692/(-66)?
1
Let y(q) be the second derivative of -q**4/6 - 3*q**3 - 3*q**2 - 16*q + 2. Calculate the remainder when y(-4) is divided by 3.
1
Let x = 6480 + -6420. What is the remainder when x is divided by 7?
4
Let q = -747 - -851. Suppose 161*d = 148*d + q. What is the remainder when 167 is divided by d?
7
Let y(o) = -119*o**2 - o + 1. Let x be y(-1). Let l = x + 178. Calculate the remainder when l is divided by 21.
19
Let w(j) = 3*j**2 - 10*j + 7. Let q(v) = 0 - 4*v + 1 - 1 + 3*v**2 - 4. Calculate the remainder when w(6) is divided by q(4).
27
Let d(o) = 18*o + 1. Let w = -254 - -362. Let p = w + -53. Calculate the remainder when p is divided by d(1).
17
Suppose -368 = -2*b + 3*a, -874 = -52*b + 47*b - 4*a. Calculate the remainder when b is divided by 84.
10
Let s = -19679 + 19751. Calculate the remainder when 1581 is divided by s.
69
Calculate the remainder when ((-732)/30)/((-7)/455) is divided by 21.
11
Let g(j) = -5*j**3 + 2*j**2 + 3*j + 3. Let w = 180476 + -180459. What is the remainder when g(-2) is divided by w?
11
Suppose 120 = -97916*n + 97936*n. Suppose 2*k + 4*d + 44 = 0, -1 = -k + 5*d + 5. What is the remainder when 10/4*k/(-1) is divided by n?
5
Suppose 7*g = 12*g - 15, -36 = -3*v + 5*g. What is the remainder when 121 is divided by v?
2
Let h(x) = x**3 + 7*x**2 + 7*x - 9. Let z be h(-4). Let s(o) = 4*o + 93. Calculate the remainder when s(z) is divided by 20.
17
Let v = -2292 - -2359. What is the remainder when 431 is divided by v?
29
Suppose 16*b - 4*b = 58 + 14. What is the remainder when 946 is divided by b?
4
Suppose 5*n + 11 = 3*d - 106, d = -2*n - 49. Calculate the remainder when 36/n + 311/2 is divided by 26.
24
Let j(b) be the first derivative of -b**4 + b**3/3 - 2*b**2 - 3*b + 26. What is the remainder when 81 is divided by j(-2)?
40
Suppose -57*q + 492 = -3617 - 1021. What is the remainder when 221 is divided by q?
41
Suppose 6 = -2*j, -4*j + 1072 = 3*f - 1814. Suppose 22*r - 3342 + f = 0. What is the remainder when r is divided by 28?
24
Suppose 1113 = 91*z - 17*z - 42991. Calculate the remainder when z is divided by 71.
28
Let a(u) = -u + 3. Let k be a(-7). Suppose -96 = -k*c + 4*c. Calculate the remainder when (17 - c)/(2/30) is divided by 9.
6
Let s = 337 + -146. Calculate the remainder when s is divided by (54/(-45))/6 - (-196)/5.
35
Let g = -132 + 127. Let a(c) = c**2 - c. Let z = 62 + -44. Calculate the remainder when a(g) is divided by z.
12
Let j(l) = -2*l**2 - 11*l - 33. Let b(y) = 3*y**2 + 23*y + 67. Let c(k) = -3*b(k) - 5*j(k). Calculate the remainder when 190 is divided by c(17).
10
Suppose -3*f = -73*w + 70*w + 108, w - 3*f = 40. Calculate the remainder when 449 is divided by w.
7
Let m be 32/(-48) + 8068/6. Suppose 112*y + 28 = 119*y. Suppose 4*b - 5*j = -0*j + 1077, y*j = 5*b - m. Calculate the remainder when b is divided by 54.
52
Suppose 10 = -2*r + 48. Suppose 2*h + v - 227 = 0, -3*h + 548 = 2*h - 4*v. Calculate the remainder when h is divided by r.
17
Calculate the remainder when 4/6 - ((-1983)/9 - (-3 + 8)) is divided by 121.
105
Let l(i) = 24*i + 539. What is the remainder when l(-17) is divided by 42?
5
Suppose 3*h + 55 - 55 = 0. Suppose h = -15*z + 14*z